 by 79?
76
Calculate the remainder when 1795 is divided by 33.
13
Calculate the remainder when 5653 is divided by 47.
13
Calculate the remainder when 11808 is divided by 440.
368
What is the remainder when 410116 is divided by 12?
4
What is the remainder when 6476 is divided by 1545?
296
Calculate the remainder when 18314 is divided by 316.
302
What is the remainder when 804996 is divided by 644?
640
What is the remainder when 8244 is divided by 193?
138
Calculate the remainder when 38550 is divided by 529.
462
What is the remainder when 10876 is divided by 2717?
8
What is the remainder when 89286 is divided by 115?
46
What is the remainder when 13399 is divided by 134?
133
Calculate the remainder when 1279 is divided by 296.
95
Calculate the remainder when 871 is divided by 93.
34
What is the remainder when 638288 is divided by 258?
254
What is the remainder when 73447 is divided by 50?
47
Calculate the remainder when 29996 is divided by 221.
161
Calculate the remainder when 9109 is divided by 2266.
45
What is the remainder when 6360 is divided by 186?
36
Calculate the remainder when 17810 is divided by 3552.
50
Calculate the remainder when 9517 is divided by 2348.
125
What is the remainder when 26801 is divided by 6692?
33
What is the remainder when 205763 is divided by 26?
25
Calculate the remainder when 88817 is divided by 71.
67
Calculate the remainder when 434231 is divided by 47.
45
What is the remainder when 159832 is divided by 642?
616
Calculate the remainder when 94498 is divided by 105.
103
Calculate the remainder when 5381 is divided by 651.
173
Calculate the remainder when 904 is divided by 237.
193
What is the remainder when 17949 is divided by 3588?
9
Calculate the remainder when 132201 is divided by 133.
132
Calculate the remainder when 1305961 is divided by 3.
1
What is the remainder when 1125 is divided by 347?
84
Calculate the remainder when 137066 is divided by 12.
2
What is the remainder when 1956 is divided by 977?
2
Calculate the remainder when 674637 is divided by 1261.
2
Calculate the remainder when 31714 is divided by 324.
286
Calculate the remainder when 32917 is divided by 330.
247
Calculate the remainder when 1378 is divided by 342.
10
Calculate the remainder when 1199 is divided by 246.
215
Calculate the remainder when 9903 is divided by 3097.
612
What is the remainder when 4319 is divided by 4271?
48
What is the remainder when 77449 is divided by 19361?
5
What is the remainder when 2031 is divided by 992?
47
Calculate the remainder when 7872 is divided by 1298.
84
Calculate the remainder when 10796 is divided by 177.
176
What is the remainder when 1259 is divided by 239?
64
What is the remainder when 710323 is divided by 75?
73
Calculate the remainder when 653179 is divided by 326588.
3
What is the remainder when 1477789 is divided by 16?
13
What is the remainder when 3419 is divided by 171?
170
Calculate the remainder when 109340 is divided by 739.
707
Calculate the remainder when 33792 is divided by 28.
24
Calculate the remainder when 952 is divided by 455.
42
What is the remainder when 9663 is divided by 293?
287
What is the remainder when 16124 is divided by 8?
4
What is the remainder when 9119 is divided by 47?
1
What is the remainder when 2700 is divided by 51?
48
Calculate the remainder when 449713 is divided by 167.
149
What is the remainder when 4417426 is divided by 274?
272
What is the remainder when 14678 is divided by 105?
83
Calculate the remainder when 1936 is divided by 61.
45
What is the remainder when 33846 is divided by 119?
50
Calculate the remainder when 4515 is divided by 20.
15
Calculate the remainder when 30677 is divided by 72.
5
Calculate the remainder when 6975 is divided by 991.
38
Calculate the remainder when 12873 is divided by 2573.
8
Calculate the remainder when 6787 is divided by 2245.
52
What is the remainder when 291775 is divided by 8841?
22
What is the remainder when 121026 is divided by 245?
241
What is the remainder when 22435 is divided by 4483?
20
Calculate the remainder when 613559 is divided by 107.
21
What is the remainder when 41547 is divided by 50?
47
What is the remainder when 1581 is divided by 752?
77
What is the remainder when 7494 is divided by 79?
68
Calculate the remainder when 24487 is divided by 16.
7
Calculate the remainder when 9448 is divided by 126.
124
What is the remainder when 70814 is divided by 843?
2
What is the remainder when 17851 is divided by 226?
223
Calculate the remainder when 6126 is divided by 104.
94
Calculate the remainder when 4474 is divided by 263.
3
Calculate the remainder when 1243 is divided by 389.
76
What is the remainder when 5263 is divided by 92?
19
What is the remainder when 9727 is divided by 108?
7
What is the remainder when 1279 is divided by 367?
178
Calculate the remainder when 110400 is divided by 55180.
40
Calculate the remainder when 30736 is divided by 31.
15
What is the remainder when 3350 is divided by 416?
22
What is the remainder when 14098 is divided by 221?
175
Calculate the remainder when 9547 is divided by 3153.
88
Calculate the remainder when 2050 is divided by 993.
64
What is the remainder when 1495 is divided by 379?
358
Calculate the remainder when 23788 is divided by 895.
518
What is the remainder when 189721 is divided by 309?
304
What is the remainder when 1407 is divided by 235?
232
What is the remainder when 16374 is divided by 231?
204
Calculate the remainder when 242076 is divided by 680.
676
What is the remainder when 1845041 is divided by 631?
628
What is the remainder when 28990 is divided by 1113?
52
What is the remainder when 134847 is divided by 56?
55
What is the remainder when 715 is divided by 173?
23
What is the remainder when 44679 is divided by 1117?
1116
Calculate the remainder when 120298 is divided by 15.
13
Calculate the remainder when 56104 is divided by 9331.
118
Calculate the remainder when 1267 is divided by 1248.
19
What is the remainder when 8778 is divided by 104?
42
Calculate the remainder when 152 is divided by 25.
2
Calculate the remainder when 59827 is divided by 12.
7
What is the remainder when 6118 is divided by 20?
18
What is the remainder when 1757 is divided by 759?
239
Calculate the remainder when 237304 is divided by 28.
4
Calculate the remainder when 23911 is divided by 201.
193
What is the remainder when 598972 is divided by 1788?
1780
Calculate the remainder when 3620 is divided by 20.
0
Calculate the remainder when 9772 is divided by 2347.
384
What is the remainder when 2831 is divided by 939?
14
What is the remainder when 4994 is divided by 1372?
878
Calculate the remainder when 2193 is divided by 203.
163
Calculate the remainder when 1694 is divided by 192.
158
Calculate the remainder when 40669 is divided by 40659.
10
What is the remainder when 4195195 is divided by 1413?
1411
Calculate the remainder when 34217 is divided by 432.
89
What is the remainder when 24 is divided by 14?
10
What is the remainder when 2341 is divided by 21?
10
Calculate the remainder when 14562 is divided by 14509.
53
Calculate the remainder when 483 is divided by 375.
108
What is the remainder when 1159993 is divided by 1747?
1732
Calculate the remainder when 66509 is divided by 11073.
71
What is the remainder when 2024 is divided by 65?
9
Calculate the remainder when 2613 is divided by 832.
117
Calculate the remainder when 287 is divided by 33.
23
Calculate the remainder when 88118 is divided by 6283.
156
Calculate the remainder when 809 is divided by 145.
84
What is the remainder when 12235 is divided by 226?
31
Calculate the remainder when 131569 is divided by 27.
25
What is the remainder when 16132 is divided by 5377?
1
Calculate the remainder when 7071 is divided by 141.
21
Calculate the remainder when 815 is divided by 752.
63
Calculate the remainder when 22602 is divided by 3766.
6
What is the remainder when 50738 is divided by 17?
10
What is the remainder when 10232 is divided by 87?
53
Calculate the remainder when 44719 is divided by 11.
4
What is the remainder when 1516 is divided by 72?
4
What is the remainder when 31225 is divided by 83?
17
What is the remainder when 52477 is divided by 495?
7
Calculate the remainder when 1250 is divided by 21.
11
What is the remai